 12 = 2*k - f. Calculate the highest common divisor of 10 and k.
10
Let d = -347 + 517. What is the greatest common factor of d and 68?
34
Suppose 2*r - 7 = -1. Suppose 4*u = u + 5*g + 27, -4*u + 47 = -r*g. Let w = -192 + 290. Calculate the greatest common divisor of w and u.
14
Let u(v) = -v**3 + 9*v**2 + 38*v - 279. Let o be u(9). Let z = 9 + 0. What is the highest common factor of z and o?
9
Let f(m) = m**3 - 5*m**2 - 5*m - 6. Let t be f(6). Let o(z) = t*z + 3 - z + 1. Let y be o(0). What is the highest common divisor of y and 16?
4
Let b = -6 + 10. What is the highest common factor of b and 32?
4
Let x = 6 + -6. Suppose x*y = -2*y + 12. What is the greatest common factor of y and 3?
3
Suppose 0 = y - 2. Suppose -y*u = -u. Suppose -2*g + u*g = -12. Calculate the highest common factor of g and 6.
6
Let c = 77 - 32. What is the highest common factor of c and 15?
15
Suppose -5*h = -i + 24 - 0, i = 3*h + 18. Suppose -m + 0*m + 228 = 5*l, 189 = 4*l + 3*m. What is the highest common divisor of l and i?
9
Let f = 23 - 8. What is the highest common factor of 10 and f?
5
Suppose 4*c - 5*c = -8. Let j = 7 - -13. Calculate the greatest common divisor of c and j.
4
Let k(l) be the first derivative of -l**2/2 + 1. Let r be k(-1). Let b be (85/4)/(r/4). Calculate the greatest common divisor of b and 34.
17
Suppose 2*n + 22 = -42. Let y = n + 48. What is the greatest common divisor of 64 and y?
16
Let q be (-30)/(-2 - (-15)/12). Calculate the highest common divisor of q and 60.
20
Let t(y) = 8*y**2 - y - 4. Let h be t(-2). What is the highest common divisor of 15 and h?
15
Suppose s - t - 10 = -3*s, 2*t = -2*s. Suppose -4*j = -z - 18, s*j - 8 - 4 = -z. Calculate the greatest common factor of 2 and z.
2
Let s = 21 - -44. Calculate the greatest common factor of s and 13.
13
Suppose -10*m + 4*c - 36 = -11*m, c - 123 = -5*m. Let f be 6*(8/6 + 0). What is the greatest common factor of f and m?
8
Let q = 29 - -47. What is the greatest common divisor of 19 and q?
19
Suppose -3*a = 15, 5*b = 3*b - 3*a - 3. Calculate the greatest common divisor of 12 and b.
6
Let g(v) = -v**3 - 4*v**2 - 4*v + 8. Let o be g(-4). Calculate the greatest common divisor of o and 12.
12
Let j = -30 + 63. Calculate the highest common divisor of j and 22.
11
Suppose 0 = -5*i - 4 - 1. Let w be -1 - i/(2/10). Suppose -h - 14 + 38 = -4*u, -2*u - 48 = -5*h. What is the highest common factor of h and w?
4
Let k = -9 - -13. Suppose i - 40 = -k*i. Let h be (2 - -5)*12/7. Calculate the greatest common divisor of i and h.
4
Let w(s) = -s**3 + s**2 + 9*s. Let q be w(4). Let c = 40 + q. Calculate the greatest common factor of 70 and c.
14
Suppose -2*t - 3*o - 3 = -10, 5*o + 3 = -2*t. Suppose 7*k + t = 8*k. Suppose 0 = -2*p + 5*p - 231. What is the highest common factor of k and p?
11
Let o = 1 + 1. Suppose 65 = 5*q - 15. Let s be (-6)/(-15) - q/(-10). Calculate the greatest common factor of s and o.
2
Let j = -17 + 30. Suppose 4*z - 195 = z. Calculate the highest common factor of j and z.
13
Let h = -2 - -3. Let d(z) be the third derivative of -z**4/24 + 7*z**3/3 - 6*z**2. Let o be d(11). Calculate the greatest common divisor of o and h.
1
Suppose 5*s + 12 = 267. Suppose 49 = 5*x - s. What is the highest common divisor of x and 40?
20
Let f = 496 - 352. What is the greatest common divisor of f and 9?
9
Let d(y) = 19*y**3 - y**2 - 1. Let a be d(1). Let x = 35 - a. What is the highest common factor of 18 and x?
18
Let i be 3/12 - (-59)/4. Let n(b) = -2*b**3 - 3*b**2 + 3*b - 3. Let t be n(-3). What is the highest common factor of i and t?
15
Suppose 0 = -3*q + 95 + 175. Suppose -3*s + 4*s - 28 = 0. Let z = s + -10. What is the highest common factor of q and z?
18
Let g be 133 + 3/6*-2. Let f = -3 - -15. What is the greatest common divisor of f and g?
12
Suppose -26*i - 480 = -31*i. Let h(k) = -k**3 + k**2 - k + 5. Let p be h(0). Let z be (-1)/p - (-61)/5. What is the highest common divisor of i and z?
12
Let p be (-1)/((2 - 5)/90). Suppose -3*x - 2*x + 45 = 0. Let n be x/(-6)*2*-5. What is the greatest common factor of n and p?
15
Suppose -3*r + 45 = 2*r. Let y = -4 + r. Suppose 3*k = 5*h - 22, -h + 4*k = -4 + 3. What is the highest common divisor of y and h?
5
Let r(h) = h**2 - h. Let t be r(3). Let q be 107/7 + t/(-21). Let m be 5 + -1 - (-2)/2. What is the highest common divisor of m and q?
5
Suppose 4*r - 105 - 27 = 0. What is the greatest common divisor of r and 231?
33
Let l be (5 - (2 + -2))*-1. Let p = 6 - l. What is the highest common factor of 11 and p?
11
Suppose 6*v - 63 + 9 = 0. What is the greatest common factor of v and 1?
1
Let k be 3 - 1 - (3 + -4). Let c be 0/(k/(-1*3)). Let b be -2 - -3*(3 - c). What is the greatest common divisor of 7 and b?
7
Let a = -4 - -22. What is the highest common divisor of a and 27?
9
Let c(a) = -a**3 + 6*a**2 - 4. Let b be c(6). Let q be 3 - (-1)/(-3 - b). Suppose q*v = v + 15. Calculate the highest common factor of v and 25.
5
Let t = 28 - 5. Let f(q) = -2*q**3 + q**2 - 2*q. Let w be f(-3). What is the highest common divisor of w and t?
23
Let k be (-39)/13*1/(-3). Suppose -3*d - t = 3*t - 29, 4*d + 5*t - 39 = 0. Calculate the highest common divisor of k and d.
1
Let o be ((-20)/6)/((-3)/63). What is the highest common factor of o and 14?
14
Let m(f) = f**2 + f - 7. Let c be m(-6). What is the greatest common divisor of 207 and c?
23
Let l = -1 + 3. Let z = -6 + 6. Suppose l*p + 5*k - 90 = z, -p - k = -16 - 35. What is the greatest common factor of p and 22?
11
Let t = -71 + 99. Calculate the greatest common factor of 7 and t.
7
Let k = 4 + -1. Suppose 0 = p + k*p. Suppose 24 = -p*j + 3*j. Calculate the greatest common divisor of j and 8.
8
Suppose 3*r - 4*q = q - 10, -4 = -4*r - 2*q. Suppose 5*j - 4*g = -r*g + 1, -5*j + 2 = -3*g. Suppose j = y - 29. What is the highest common factor of 75 and y?
15
Let v(x) = -x**3 + 11*x**2 - 3*x - 21. Let w be v(10). Calculate the highest common divisor of w and 98.
49
Let n(t) = 13*t - 46. Let p be n(10). Let y be (-1 - 0)/1 - -15. Calculate the greatest common factor of y and p.
14
Suppose -5*b - 19 = -r, 0 = -5*r + 2*b + 24 + 48. Suppose 0*k - 5*k + 560 = 0. What is the greatest common divisor of k and r?
14
Let r(v) = 21*v**2 - 2*v - 3. Let x be r(-1). Calculate the greatest common divisor of x and 40.
20
Let n be -1*(-5)/(5/(-6)). Let w be n*((-152)/(-12))/(-2). What is the greatest common divisor of w and 95?
19
Let t be -6*(4/8 - 1). Let h be ((-2)/t)/(4/(-162)). What is the greatest common factor of h and 3?
3
Let x be 270/10*(-1)/(-1). What is the highest common divisor of x and 27?
27
Suppose -4*d + 2*l = -58, 4*d = l - 6*l + 79. Suppose 0 = -4*i + 3*n + 308, -4*i + 98 + 234 = 3*n. What is the highest common factor of i and d?
16
Let t(n) = 2*n**3 - 9*n**2 + 10*n + 5. Let l be t(5). Calculate the highest common divisor of 10 and l.
10
Suppose 2*g - 192 = -14*g. Let q = -4 - -8. Calculate the greatest common divisor of g and q.
4
Let s(l) be the third derivative of 19*l**5/60 - 2*l**2. Let w be s(-1). Calculate the greatest common factor of 38 and w.
19
Let s = 2 + 73. What is the highest common factor of 50 and s?
25
Let v = 1 - -2. Suppose -8 = 5*k - 7*k. Suppose 3*p = 4*z - 1, -k*z - 3 = -z - v*p. What is the greatest common divisor of z and 6?
2
Suppose 0 = -4*b + 5*v + 9, -3*v = -5*b - 2*v + 27. Let h(q) = -q**2 + 9*q - 8. Let c be h(b). What is the greatest common factor of 70 and c?
10
Let h = 101 + -3. Calculate the greatest common divisor of 14 and h.
14
Let t be (8/6)/(2/6). Suppose -7*i = -t*i - q - 226, 0 = i - 3*q - 62. What is the highest common factor of 7 and i?
7
Suppose 38 = q + 3*y, q - 5*y - 54 = -0*q. Let p = 28 + -17. What is the highest common factor of p and q?
11
Let s(k) = -k**3 - 9*k**2 - 9*k - 1. Let q be s(-8). Suppose 6*v = 3*v + 84. What is the highest common divisor of v and q?
7
Let o(s) = s**2 - 13*s - 7. Let w be o(13). Let q(k) = -k**2 - 6*k + 2. Let m be q(w). Let b = m + 81. What is the greatest common divisor of b and 19?
19
Let x = -1 - -3. Let g be (13 - 2/x) + 2. Let o(q) = 7*q. Let z be o(2). Calculate the highest common factor of z and g.
14
Let p(m) = -3*m - 1. Let b(y) = -8*y - 2. Let z(d) = -5*b(d) + 14*p(d). Let r be z(-5). What is the greatest common factor